et p(a) = -a + 9. Let n be p(6). Suppose -113 = -5*f - w, -2*f = -w - n*w - 54. Calculate the remainder when 15 is divided by 1/3 + f/3.
7
Suppose -4*p - w - 6 + 45 = 0, -5*p + 47 = 3*w. Let i be p*(-3)/(-6)*-1. What is the remainder when 33 is divided by ((-17)/(-2))/(i/(-10))?
16
Suppose -5*a - 11 = -46. Suppose g + 4 = 0, -9 = 5*v - 5*g - 44. What is the remainder when a is divided by v?
1
Let x(j) = 11*j**3 + 2*j - 1. Let a = -8 + 8. What is the remainder when (-33)/2*-2 - a is divided by x(1)?
9
Let f(v) = -v**2 - 8*v + 8. Suppose 0 = -4*u + 14 + 18. What is the remainder when f(-7) is divided by u?
7
Suppose 0 = -5*a + a + 8. Let j(v) = -7*v + 8*v**2 + 4*v**a - 10*v**2. What is the remainder when j(6) is divided by 11?
8
Let m = 121 - 133. Let h be 210/(-2) - (-1 - -1). What is the remainder when 35 is divided by h/(-12) + (-3)/m?
8
Let y(v) = -5*v**2 + 7*v + 3. Let n(j) = j**3 - j**2 + j + 1. Let o(z) = n(z) - y(z). Let p be (-4)/1*1 - 1. Calculate the remainder when 5 is divided by o(p).
2
Let v be ((-2)/(-6))/(6/54). Suppose 0*r + 28 = 3*i + 4*r, -v = -3*r. Calculate the remainder when 31 is divided by i.
7
Let k(v) be the first derivative of v**4/4 + 2*v**3 - 2*v**2 + 8*v - 2. Let i be -6 + (-1)/1 + 1. Calculate the remainder when k(i) is divided by 11.
10
Let b be (-195)/(-12) + (-1)/4. Let h = -1 + b. Calculate the remainder when h is divided by 4.
3
What is the remainder when 115 is divided by 1*18/(-3)*39/(-6)?
37
Let a(l) = l**3 + 2*l**2 + 5*l + 4. Let x be a(-3). Calculate the remainder when 37 is divided by (-10)/x - (-30)/4.
5
Let h = 58 - 55. What is the remainder when h is divided by (-3)/2*(-10)/15?
0
Let a = -5 + 3. Let z = 21 + a. Calculate the remainder when z is divided by 7.
5
Suppose x - 3*p + 8 = 0, 3*p = 5*x + 5 - 1. What is the remainder when (-2)/9 + 11/9 is divided by x?
0
Let n(a) = -4*a + 3. Calculate the remainder when n(-15) is divided by 13.
11
Suppose 3 = -o + 16. Let u = -1 + 5. Suppose t + 0*t + l - 53 = 0, 2*t + u*l - 112 = 0. Calculate the remainder when t is divided by o.
11
Suppose -m - 5*c + 14 = 0, 5*c - c = 8. Calculate the remainder when 56 is divided by 10*2/m*3.
11
Let w = 31 + -26. What is the remainder when 14 is divided by w?
4
Let g = 9 - 9. Suppose 0*l + 4*l - 100 = g. What is the remainder when l is divided by 9?
7
Let w(v) = -v + 14. Let f be w(8). Let b be (28/6)/(f/9). Calculate the remainder when 46 is divided by (4*-2)/(b/(-14)).
14
Suppose -3*v = b, 0 = -3*b - 5*v - 2 + 6. Calculate the remainder when 19 is divided by b.
1
Let i(k) = -k + 14. Suppose 49 + 197 = 6*o. Calculate the remainder when o is divided by i(0).
13
Suppose 3*u - 2 - 7 = 0. Let j be (-9)/6*(-4)/u. Suppose -r = 4*q + q - 156, j*r + 104 = 3*q. What is the remainder when q is divided by 11?
10
Let d = 2 - -10. Calculate the remainder when 188/(-2)*5/(-10) is divided by d.
11
Let u be (-1 + -5)*30/(-4). Suppose 3*o - 24 = -j, 0*o = 2*j + 2*o - 48. What is the remainder when u + 2 + 1*-1 is divided by j?
22
Let i = -7 + 11. What is the remainder when 20/3 + 1/3 is divided by i?
3
Suppose -y = y - 36. Let b(v) = -6*v + 10. Calculate the remainder when b(-7) is divided by y.
16
Let y(d) = d**2 + 8*d - 5. Let i be y(-8). Let n be -1 + (1/(-1) - i). Calculate the remainder when (-48)/(-9) - 1/n is divided by 2.
1
What is the remainder when (-2)/(94/32 - 3) is divided by 9?
5
Let r be -2 - ((-161 - -2) + -2). Suppose 3*y = -3*o + r, -4*y + 2*y = -o - 118. What is the remainder when y is divided by 20?
17
Let i = -6 - -4. Let n be 12/9*(i - 1). Calculate the remainder when 16 is divided by 14*(-2)/n + 2.
7
Let q(l) be the second derivative of l**5/20 + 2*l**4/3 + 7*l**3/6 - l**2/2 + 8*l. Calculate the remainder when q(-6) is divided by 10.
9
Suppose -10 = -3*b - 2*b. Suppose 0 = 5*z - 3*d - 40, -b*z - d + 4 = -1. What is the remainder when 12 is divided by z?
2
Let d = 10 + -6. What is the remainder when 49 is divided by (34/d - 2)*2?
10
Let l = -125 + 139. What is the remainder when l is divided by 6 + (-4 + 0)/(-2)?
6
Suppose 3*g - 4 = 8. Let m = 13 - g. Suppose z = -2*z + m. Calculate the remainder when 7 is divided by z.
1
Let p = -72 - -139. Calculate the remainder when p is divided by 34.
33
Calculate the remainder when -2 - 2 - (5 + -32) is divided by 4.
3
Calculate the remainder when -3 + 1188/15 - (-4)/(-20) is divided by 10.
6
Let g(x) = x**2 - x. Let q be g(3). Suppose -30 = -3*j + 3*y, j + 5*y = -2*j + q. Calculate the remainder when j is divided by 2/(-10) - (-84)/20.
3
Let x = 43 + -29. Let j(r) = -r**3 + 7*r**2 - 5*r + 3. Calculate the remainder when x is divided by j(6).
5
Suppose 4*n = 3*b - 63, 4*b = 5*n - n + 80. What is the remainder when b is divided by 10?
7
Let d(s) = -s**3 - 4*s**2 + 3*s + 5. Suppose 2*w = -0*w + 90. What is the remainder when w - -3*(-3)/9 is divided by d(-5)?
14
Let d = 1 - -11. Calculate the remainder when 57 is divided by d.
9
Let z be (-50)/(-18) - 6/(-27). Suppose -z*s - d - 7 = 0, 5*d = -s + d + 16. Calculate the remainder when (14/s)/((-2)/4) is divided by 3.
1
Suppose 4*u + 355 = 9*u. Calculate the remainder when u is divided by 12.
11
Let t = 66 - 46. Calculate the remainder when 57 is divided by t.
17
Let x = -14 + 32. Suppose -4*p + 3*p = -x. Suppose -4*z + 26 = -0*w + w, -36 = -w + z. What is the remainder when w is divided by p?
16
Let w = 0 + -1. Let u = w + 3. What is the remainder when (1 + 1)/((-2)/(-5)) is divided by u?
1
Suppose -3*w + 191 = 101. Calculate the remainder when 147 is divided by w.
27
Let y(d) = d**2 - 10*d + 4. Let v be y(8). Calculate the remainder when (-16)/3*v - 2 is divided by 16.
14
Let d be (3/(-2))/(1/(-2)). Let n be ((-21)/(-42))/(2/8). Calculate the remainder when (-215)/(-15) + n/d is divided by 6.
3
Let f be 158/14 - 2/7. Let s = f + -1. Calculate the remainder when 28 is divided by s.
8
Let x(i) = 2*i**2 - i - 1. Let b be (-11)/(-33)*(-1 + -8). Calculate the remainder when 58 is divided by x(b).
18
Suppose 0 = 5*d + 2*l - 39, -l = 3*d - 3 - 20. Let h(i) = -i**2 - i - 2. Let f be h(0). What is the remainder when f/(-7) + (-300)/(-28) is divided by d?
4
Let c = 13 + -3. Calculate the remainder when 38 is divided by c.
8
Let y(s) = -3*s - 21. Let b(a) = a**3 + 4*a**2 - 4*a - 4. Let r be 1/2*(-7 + -1). What is the remainder when y(-14) is divided by b(r)?
9
Let a(p) be the third derivative of -p**5/60 - 7*p**4/24 - p**3/3 + 3*p**2. Suppose -z + 12 = 3*z. What is the remainder when a(-5) is divided by z?
2
Let a = 3 - 13. Let i(m) = -2*m**2 - m - 1. Let v be i(-3). Let g = a - v. What is the remainder when g is divided by 4?
2
Suppose 7 = 6*k - 23. Let l = -432 + 739. Suppose l = k*j - 2*n, -j - 6*n = -n - 56. Calculate the remainder when j is divided by 21.
19
Let a(o) = -4*o + 3. What is the remainder when 58 is divided by a(-7)?
27
Suppose 4*y + 38 = 2*q, 0 = -3*y + 8*y - 4*q + 55. Let z = y - -20. Suppose 6 = 2*b - 3*p, p - 7 = -3*b + z. What is the remainder when b is divided by 4?
2
Let h(c) be the first derivative of c**3/3 - 1. Calculate the remainder when 3 is divided by h(1).
0
Suppose 3*n - n = 10. Suppose -a = -n*a. Suppose 5*y - 50 = 3*k, -1 + a = 2*y + 3*k. What is the remainder when 12 is divided by y?
5
Let z(m) = -4 - m + 0 + 0 + 0*m + m**2. What is the remainder when z(7) is divided by 13?
12
Suppose -5*y + 4*p + 50 = -36, 4*p = 4*y - 72. Calculate the remainder when 53 is divided by y.
11
Let g be 2/(-4) + 50/20. Suppose -5*k + 56 = g*i, -22 = -2*k - 3*i + 7. Calculate the remainder when 39 is divided by k.
9
Suppose -2*n + 0 + 4 = 0. Suppose -3*h - 70 = -5*c - 4, -c + n = 5*h. Calculate the remainder when (-30)/c*(-28)/10 is divided by 3.
1
Let u = -44 + 0. Suppose -4*w + 5*l = -w + 240, -5*w - 363 = 4*l. Let b = u - w. What is the remainder when b is divided by 11?
9
Suppose -10 = -3*q + 44. Let l(t) = 53*t**2. What is the remainder when l(1) is divided by q?
17
Suppose -12*i = -13*i. Suppose 3*b - 5 = 1. Suppose t + b*t - 45 = i. Calculate the remainder when 28 is divided by t.
13
Suppose 6*h = 357 - 3. Calculate the remainder when h is divided by 21.
17
Suppose -2*c - 2*a + 76 = -a, 4*c - 172 = 3*a. What is the remainder when 198 is divided by c?
38
Suppose 4*g - 46 = 34. Suppose -5*d + 18*d - 767 = 0. What is the